ppose 4*n - a*n + 63 = 0. What are the prime factors of n?
3, 7
Let v = -28 + 118. List the prime factors of v.
2, 3, 5
Let v(d) = -14*d**2 - 2*d + 1. Let b be v(1). Let c = 13 + b. List the prime factors of 3 - c*(-20)/(-8).
2
Suppose 4*c - 8*c = 0. Suppose h - 2*d - 32 = 0, 2*h + 4*d + 0*d - 72 = c. What are the prime factors of h?
2, 17
Suppose 0 = 13*x - 949 - 5005. List the prime factors of x.
2, 229
Let x = -8 - -6. Let u be x/3*15/10. Let f = u - -6. List the prime factors of f.
5
Let w(f) = 2*f**2 - 22*f - 27. Let d be w(19). Let u = -195 + d. List the prime factors of u.
2, 41
Let a = 131 + -92. List the prime factors of 10/1*(-2)/((-12)/a).
5, 13
Let m(p) = p**3 - 4*p**2 - 7*p - 15. Let k = -79 + 86. What are the prime factors of m(k)?
83
Suppose 14*n + 140 - 238 = 0. List the prime factors of n.
7
Suppose 5*i + 2395 = 3*x - 0*x, i + 5*x = -451. List the prime factors of 2/6 + i/(-21).
23
Let x be 8 - 8 - (0 - -20). Let s = x - -12. Let b(w) = -10*w - 6. What are the prime factors of b(s)?
2, 37
Suppose r = -a - a + 629, -2*r - 3*a = -1256. List the prime factors of r.
5
Suppose 3*a = -2*a + 120. Suppose a + 32 = 2*u. What are the prime factors of u?
2, 7
Suppose 2*y + 1188 = 4*d - 3*y, 5*d - 2*y - 1502 = 0. What are the prime factors of d?
2, 151
Suppose 0 = 4*b - b + 5*w + 45, 3*b + 3*w = -39. Let t = 15 + b. Suppose -14 - 71 = -t*a. List the prime factors of a.
17
Let q be (4 - 42/5)*(3 + -43). Suppose -l = l - q. What are the prime factors of l?
2, 11
Suppose 2*m + 3*l = 827, 12*l - 7*l = -25. List the prime factors of m.
421
What are the prime factors of (-33*4/(-30))/(2/205)?
11, 41
Suppose 5*a + 751 = 3021. Let p(v) = -71*v**3 - 2*v**2 + 1. Let h be p(1). List the prime factors of 16/h + a/18.
5
Suppose -11*a = -7*a - 1472. List the prime factors of a.
2, 23
Let m be (3/2)/((-5)/(-10)). Suppose -3*w + 120 = -0*w + m*n, -2*n - 25 = -w. List the prime factors of w.
5, 7
Suppose a + 2*v + 6 = 0, v = -a + 3 - 5. Suppose a*o = o - 5. Let g = 7 - o. List the prime factors of g.
2, 3
List the prime factors of 5 + -2*(100/(-1) + 4).
197
Let j be 8/6*(-27)/(-18). Suppose -x - 18 = -t, j*t + 3*x = -x + 42. Suppose 53 + t = 3*m. What are the prime factors of m?
2, 3
Let i = -2562 - -7197. What are the prime factors of i?
3, 5, 103
Suppose 0*a = 4*a. Suppose 3*p + 3*z = 33, 4*p - 45 = -a*z - 3*z. Suppose -4*i - j = -27, i - p = -j - j. What are the prime factors of i?
2, 3
Let x be (6 - 3) + 0 + -3 + 6. List the prime factors of 126 - (x - (-12)/(-3)).
2, 31
Suppose -y + 153 = -2*r, -5*y + r + 765 = -3*r. Suppose -y = -5*h + 5*b + 392, -2*h + 4*b = -218. What are the prime factors of h?
109
Let i(z) = 2*z**3 + 32*z**2 + 23*z + 8. What are the prime factors of i(-15)?
113
Suppose -30*h + 38*h = 13208. List the prime factors of h.
13, 127
Suppose 0 = -3*t + 38 - 29. Suppose -4*g - 8 = 0, 435 = 5*z + t*g + 16. What are the prime factors of z?
5, 17
What are the prime factors of (-425)/(-2)*((-72)/(-4))/9?
5, 17
Let x(v) = 10*v + 278. List the prime factors of x(0).
2, 139
Suppose 318 = -r - 2*r. Let x be 1/(-3 - 320/r). Let v = x + -30. What are the prime factors of v?
23
Suppose 2*c = -0*c + 76. What are the prime factors of c/(-4 + 3 - -2)?
2, 19
Let i = 3 + 2. Suppose -p = -2*p + 4*x - 1, i*x = 5. Suppose p*o + 4*j = 199, -o - 4*j + 49 = -20. List the prime factors of o.
5, 13
Suppose 68*t = 67*t + 63. Suppose 4*q - v + t = 329, -q + 2*v + 70 = 0. List the prime factors of q.
2, 3, 11
Let d be (-990)/36*66*2/(-5). Suppose -6*c - 2*o = -7*c + 186, 2*o = 4*c - d. What are the prime factors of c?
2, 3, 5
Let m = 1013 + 848. List the prime factors of m.
1861
Let b = -414 - -707. What are the prime factors of b?
293
Suppose 46*v - 157849 = -41745. List the prime factors of v.
2, 631
Let x = 130 - 186. Let y = 213 + x. What are the prime factors of y?
157
Suppose m + 2*m = 6. Suppose -4*p = -m*w - 58 + 340, -3*p + 247 = 2*w. What are the prime factors of w?
131
Let i(p) = 0*p**2 - 5*p - 3 - p**2 + 81 + 2*p. List the prime factors of i(0).
2, 3, 13
Let v be (-28)/(-4) + 3 - (-1 + 4). Suppose 18 = -v*f + 74. What are the prime factors of f?
2
Let h be 10*-2 + (-1 - -1). Let w be 2/(4 + h/6). Suppose 5*m + w*q - 71 = 0, 3*m - q - 67 = -m. What are the prime factors of m?
2
Let t = 11 + -1. Let w = -8 + t. What are the prime factors of w*(9 - 3 - 4)?
2
Let i = 1670 - 201. List the prime factors of i.
13, 113
Suppose -36*d = -32*d - 1404. List the prime factors of d.
3, 13
Let d(i) = 285*i + 1. Let f be d(2). Suppose 0 = -5*o + 124 + f. List the prime factors of o.
139
Let n be (32/(-40))/(2/(-5)). Let q be (n - -2)*(3 - 2). Suppose 0 = -q*g - z - 0*z + 91, 0 = 5*g + 2*z - 110. What are the prime factors of g?
2, 3
Suppose -5*w - 42 - 128 = 0. Let c = -10 - w. What are the prime factors of (18/24)/(1/c)?
2, 3
Let i(o) = o**3 + 23*o**2 - 14*o - 140. List the prime factors of i(-20).
2, 5, 67
Let i be 723 + -1 - (-9)/(-9). Suppose i = 2*y + 5*y. What are the prime factors of y?
103
Let w = -13 + 14. Let n be (w - (-3 + 28)) + 4. Let v = -18 - n. List the prime factors of v.
2
Let x be 4/(-10) + 342/(-45). Let f = 6 - x. What are the prime factors of f?
2, 7
Let t be 275/13 - 10/65. Suppose -t*y + 18*y = -60. What are the prime factors of y?
2, 5
Suppose 0 = -5*k + 4*b + 10, -5*b - 6 = -0*k - 3*k. Suppose -4*m = k*m. Suppose 5*c = -m + 65. List the prime factors of c.
13
Suppose -3*x = 4 - 10. Let b(t) = -5 - 18*t - t**2 - x - 11. List the prime factors of b(-15).
3
Let d(a) = -a + 1. Let o be 1*6/(-8)*-4. Let l be (3 - 3/o) + -10. What are the prime factors of d(l)?
3
Let z(f) = f**3 + 9*f**2 - 4*f + 8. Let x(h) = 2*h - 3. Let s be x(-3). Let v be z(s). Suppose 43 + v = 3*y. What are the prime factors of y?
29
Let a(d) = 18*d**2 + 41*d + 29. What are the prime factors of a(-11)?
2, 439
Let s(a) be the third derivative of a**6/60 + a**5/20 - a**4/24 + a**3/6 - 3*a**2. Let d be s(-3). Let n = 33 + d. What are the prime factors of n?
2, 5
Let s be (58 + -2)*(-1)/(-2). Let a(u) = 28 + 3*u - s. List the prime factors of a(5).
3, 5
Suppose -25*f + 20388 = 4713. List the prime factors of f.
3, 11, 19
Suppose 0*m + 6 = 3*m. Let s(l) = 17 - l**3 - l + 6*l**2 - 5*l**m + 7. List the prime factors of s(0).
2, 3
Let d(j) = -j**3 - j**2 + 6*j + 5. Let p be d(-8). List the prime factors of p*(-5 + (-112)/(-20)).
3
Let u(k) = -5*k - 10. Let f be u(-4). What are the prime factors of 12/f*10/4?
3
Let j = 764 + -376. What are the prime factors of j?
2, 97
Let g(t) = 9*t - 37. Let f be (-27)/(-3) + 1/(1/3). List the prime factors of g(f).
71
What are the prime factors of 71*((-8)/(-4) - 0)*1?
2, 71
Suppose -85 = -2*a + 145. What are the prime factors of a?
5, 23
Let y(j) = -j**2 - 13*j - 4. Let v be y(-12). Let h(a) = 3 + v + a - 9. What are the prime factors of h(6)?
2
Suppose -1193*p + 1187*p = -6444. What are the prime factors of p?
2, 3, 179
Suppose -10*l + l + 3087 = 0. Suppose 5*s + 228 = 4*i - i, -4*s + l = 5*i. What are the prime factors of i?
71
Let b(s) = -s**2 + 2*s + 25. Let a be b(7). Let g(x) = 2*x**2 + 3*x - 10. List the prime factors of g(a).
2, 5
Suppose 4*d - 5*a - 3021 = 0, 2*d - 3*a - 757 = d. Suppose 0 = 13*m - 962 - d. List the prime factors of m.
2, 3, 11
Suppose 33*n - 26*n = 1876. List the prime factors of n.
2, 67
Suppose 0 = 4*v - 3 - 45. Suppose 0*b = -b + v. What are the prime factors of ((-28)/b)/((-1)/9)?
3, 7
Suppose -4*n + 908 = 4*g, 2*n - 2*g - 1163 = -3*n. Suppose -4*s = -2*b + 206, 5*b = -2*s + 746 - n. List the prime factors of b.
103
Let j(i) = 3*i**2 - 44*i - 11. List the prime factors of j(25).
2, 191
Let u = 574 + -253. What are the prime factors of u?
3, 107
Suppose 4*f = m + 7716, -14*m = -3*f - 10*m + 5800. What are the prime factors of f?
2, 241
Let k = 4 - 2. Let j(s) = 19*s. Let t be j(k). Suppose 5*o + 12 + t = 2*m, 4*o = m - 31. List the prime factors of m.
3, 5
Let w(q) = 99*q**3 - q**2 - 7*q + 19. List the prime factors of w(2).
13, 61
Let v(q) = q - 4. Let k be v(7). Suppose -3*t = -5*h + 19 + 66, h - k*t - 5 = 0. Suppose -3*b + 56 = 4*r - 7*b, r - 3*b = h. List the prime factors of r.
11
Suppose b + 2 = -g, -2*b - 5 - 3 = -2*g. List the prime factors of (18/4)/(b/(-6)).
3
Let v = -12 - -14. Suppose -3*n + v*n + 5*